{"id":42,"date":"2021-12-10T10:07:35","date_gmt":"2021-12-10T10:07:35","guid":{"rendered":"http:\/\/dm-nts16.ikt.hs-ulm.de\/index.php\/home\/"},"modified":"2026-03-30T07:57:38","modified_gmt":"2026-03-30T07:57:38","slug":"home","status":"publish","type":"page","link":"https:\/\/h5pvideo.azurewebsites.net\/","title":{"rendered":"INST"},"content":{"rendered":"\n<div class=\"wp-block-group is-nowrap is-layout-flex wp-container-core-group-is-layout-ad2f72ca wp-block-group-is-layout-flex\"><\/div>\n\n\n\n<div style=\"height:35px\" aria-hidden=\"true\" class=\"wp-block-spacer\"><\/div>\n\n\n\n<h1 class=\"wp-block-heading\">Prof. Manfred Gaida |&nbsp;Fachgebiet Interactive Storytelling (INST)<\/h1>\n\n\n\n<p><\/p>\n\n\n\n<p><\/p>\n\n\n\n<h3 class=\"wp-block-heading\">Willkommen auf unserer Projekt-Website \u00bbInteractive Storytelling\u00ab!<\/h3>\n\n\n\n<p>Schon seit mehr als 20 Jahren produzieren wir unter der fachlichen Leitung von Prof. Manfred Gaida im Studiengang Digital Media (DM) interaktive Filme. Bis jetzt sind dabei \u00fcber 200 Film-Projekte entstanden. <\/p>\n\n\n\n<p>Auf dieser Seite finden Sie eine Auswahl unserer interaktiven Filme aus dem Semesterprojekt des Sommersemesters 2024. Folgendes Thema hat Prof. Gaida den DM-Studierenden gestellt: <\/p>\n\n\n\n<p><em><strong>\u00bbDie Welt liegt mir zu F\u00fc\u00dfen! \u2013 \u00dcber den Aufbruch in das Erwachsenenleben und Tipps dazu.\u00ab<\/strong><\/em><\/p>\n\n\n\n<p>Die DM-Student*innen sollten zu diesem Thema einen jeweils eigenen interaktiven Film konzipieren und realisieren. Die Filme sollen jungen Menschen, die sich kurz vor ihrem Schulabschluss befinden, Tipps f\u00fcr den Aufbruch in das Erwachsenenleben geben. <\/p>\n\n\n\n<p>Entstanden ist eine breite Palette filmischer Themengebiete.<\/p>\n\n\n\n<p>Viel Spa\u00df beim Anschauen! Lassen Sie sich \u00fcberraschen von der Kreativit\u00e4t unserer DM-Student*innen!<\/p>\n\n\n\n<div style=\"height:26px\" aria-hidden=\"true\" class=\"wp-block-spacer\"><\/div>\n\n\n\n<h2 class=\"wp-block-heading\">Trailer Semesterprojekt 2024<\/h2>\n\n\n\n<figure class=\"wp-block-video\"><video controls src=\"\/wp-content\/uploads\/2024\/07\/inst_24_trailer.mp4\"><\/video><\/figure>\n\n\n\n<p>Herzlichen Dank an alle DM-Student*innen des 4. Semesters!!! \ud83d\ude42<\/p>\n\n\n\n<p><em>Ein Hinweis zur inhaltlichen Verantwortung: Die hier ver\u00f6ffentlichten Videos sind im Rahmen von studentischen Projekt- und Abschlussarbeiten entstanden; die inhaltliche Verantwortung liegt bei den Erstellenden. Ihre Inhalte geben nicht die Meinung der Hochschulleitung wieder.<\/em><\/p>\n\n\n\n<div style=\"height:44px\" aria-hidden=\"true\" class=\"wp-block-spacer\"><\/div>\n\n\n\n<h2 class=\"wp-block-heading\">Film-Auswahl<\/h2>\n\n\n\n<div class=\"wp-block-columns is-layout-flex wp-container-core-columns-is-layout-9d6595d7 wp-block-columns-is-layout-flex\">\n<div class=\"wp-block-column is-layout-flow wp-block-column-is-layout-flow\">\n<figure class=\"wp-block-image size-full\"><a href=\"https:\/\/h5pvideo.azurewebsites.net\/index.php\/evelyn-weide\/\"><img loading=\"lazy\" decoding=\"async\" width=\"2338\" height=\"1312\" src=\"\/wp-content\/uploads\/2024\/07\/is_24_thumbnail_titel_weide.jpg\" alt=\"\" class=\"wp-image-2475\" srcset=\"\/wp-content\/uploads\/2024\/07\/is_24_thumbnail_titel_weide.jpg 2338w, \/wp-content\/uploads\/2024\/07\/is_24_thumbnail_titel_weide-300x168.jpg 300w, \/wp-content\/uploads\/2024\/07\/is_24_thumbnail_titel_weide-1024x575.jpg 1024w, \/wp-content\/uploads\/2024\/07\/is_24_thumbnail_titel_weide-768x431.jpg 768w, \/wp-content\/uploads\/2024\/07\/is_24_thumbnail_titel_weide-1536x862.jpg 1536w, \/wp-content\/uploads\/2024\/07\/is_24_thumbnail_titel_weide-2048x1149.jpg 2048w, \/wp-content\/uploads\/2024\/07\/is_24_thumbnail_titel_weide-800x450.jpg 800w\" sizes=\"auto, (max-width: 2338px) 100vw, 2338px\" \/><\/a><\/figure>\n\n\n\n<h4 class=\"wp-block-heading has-text-align-center\">Semesterprojekt 2024<\/h4>\n\n\n\n<p class=\"has-text-align-center filmauswahl has-small-font-size\">Evelyn Weide<\/p>\n\n\n\n<p class=\"has-text-align-center filmauswahl has-small-font-size\">\u00bbDie Welt liegt mir zu F\u00fc\u00dfen! \u2013 \u00dcber den Aufbruch in das Erwachsenenleben und Tipps dazu.\u00ab<\/p>\n\n\n\n<div style=\"height:29px\" aria-hidden=\"true\" class=\"wp-block-spacer\"><\/div>\n\n\n\n<div class=\"wp-block-buttons is-horizontal is-content-justification-center is-layout-flex wp-container-core-buttons-is-layout-499968f5 wp-block-buttons-is-layout-flex\"><\/div>\n<\/div>\n\n\n\n<div class=\"wp-block-column is-layout-flow wp-block-column-is-layout-flow\">\n<figure class=\"wp-block-image size-full\"><a href=\"https:\/\/h5pvideo.azurewebsites.net\/index.php\/lea-schweyer\/\"><img loading=\"lazy\" decoding=\"async\" width=\"2338\" height=\"1312\" src=\"\/wp-content\/uploads\/2024\/07\/is_24_thumbnail_titel_schweyer.jpg\" alt=\"\" class=\"wp-image-2471\" srcset=\"\/wp-content\/uploads\/2024\/07\/is_24_thumbnail_titel_schweyer.jpg 2338w, \/wp-content\/uploads\/2024\/07\/is_24_thumbnail_titel_schweyer-300x168.jpg 300w, \/wp-content\/uploads\/2024\/07\/is_24_thumbnail_titel_schweyer-1024x575.jpg 1024w, \/wp-content\/uploads\/2024\/07\/is_24_thumbnail_titel_schweyer-768x431.jpg 768w, \/wp-content\/uploads\/2024\/07\/is_24_thumbnail_titel_schweyer-1536x862.jpg 1536w, \/wp-content\/uploads\/2024\/07\/is_24_thumbnail_titel_schweyer-2048x1149.jpg 2048w, \/wp-content\/uploads\/2024\/07\/is_24_thumbnail_titel_schweyer-800x450.jpg 800w\" sizes=\"auto, (max-width: 2338px) 100vw, 2338px\" \/><\/a><\/figure>\n\n\n\n<h4 class=\"wp-block-heading has-text-align-center\">Semesterprojekt 2024<\/h4>\n\n\n\n<p class=\"has-text-align-center filmauswahl has-small-font-size\">Lea Schweyer<\/p>\n\n\n\n<p class=\"has-text-align-center filmauswahl has-small-font-size\">\u00bbDie Welt liegt mir zu F\u00fc\u00dfen! \u2013 \u00dcber den Aufbruch in das Erwachsenenleben und Tipps dazu.\u00ab<\/p>\n\n\n\n<div style=\"height:29px\" aria-hidden=\"true\" class=\"wp-block-spacer\"><\/div>\n\n\n\n<div class=\"wp-block-buttons is-horizontal is-content-justification-center is-layout-flex wp-container-core-buttons-is-layout-499968f5 wp-block-buttons-is-layout-flex\"><\/div>\n<\/div>\n<\/div>\n\n\n\n<div class=\"wp-block-columns is-layout-flex wp-container-core-columns-is-layout-9d6595d7 wp-block-columns-is-layout-flex\">\n<div class=\"wp-block-column is-layout-flow wp-block-column-is-layout-flow\">\n<figure class=\"wp-block-image size-large\"><a href=\"https:\/\/h5pvideo.azurewebsites.net\/index.php\/timo-lemli\/\"><img loading=\"lazy\" decoding=\"async\" width=\"1024\" height=\"575\" src=\"\/wp-content\/uploads\/2024\/07\/is_24_thumbnail_titel_lemli-1024x575.jpg\" alt=\"\" class=\"wp-image-2468\" srcset=\"\/wp-content\/uploads\/2024\/07\/is_24_thumbnail_titel_lemli-1024x575.jpg 1024w, \/wp-content\/uploads\/2024\/07\/is_24_thumbnail_titel_lemli-300x168.jpg 300w, \/wp-content\/uploads\/2024\/07\/is_24_thumbnail_titel_lemli-768x431.jpg 768w, \/wp-content\/uploads\/2024\/07\/is_24_thumbnail_titel_lemli-1536x862.jpg 1536w, \/wp-content\/uploads\/2024\/07\/is_24_thumbnail_titel_lemli-2048x1149.jpg 2048w, \/wp-content\/uploads\/2024\/07\/is_24_thumbnail_titel_lemli-800x450.jpg 800w\" sizes=\"auto, (max-width: 1024px) 100vw, 1024px\" \/><\/a><\/figure>\n\n\n\n<h4 class=\"wp-block-heading has-text-align-center\">Semesterprojekt 2024<\/h4>\n\n\n\n<p class=\"has-text-align-center filmauswahl has-small-font-size\">Timo Lemli<\/p>\n\n\n\n<p class=\"has-text-align-center filmauswahl has-small-font-size\">\u00bbDie Welt liegt mir zu F\u00fc\u00dfen! \u2013 \u00dcber den Aufbruch in das Erwachsenenleben und Tipps dazu.\u00ab<\/p>\n\n\n\n<div style=\"height:29px\" aria-hidden=\"true\" class=\"wp-block-spacer\"><\/div>\n\n\n\n<div class=\"wp-block-buttons is-horizontal is-content-justification-center is-layout-flex wp-container-core-buttons-is-layout-499968f5 wp-block-buttons-is-layout-flex\"><\/div>\n<\/div>\n\n\n\n<div class=\"wp-block-column is-layout-flow wp-block-column-is-layout-flow\">\n<figure class=\"wp-block-image size-full\"><a href=\"https:\/\/h5pvideo.azurewebsites.net\/index.php\/simon-wakengut\/\"><img loading=\"lazy\" decoding=\"async\" width=\"2338\" height=\"1312\" src=\"\/wp-content\/uploads\/2024\/07\/is_24_thumbnail_titel_wakengut.jpg\" alt=\"\" class=\"wp-image-2474\" srcset=\"\/wp-content\/uploads\/2024\/07\/is_24_thumbnail_titel_wakengut.jpg 2338w, \/wp-content\/uploads\/2024\/07\/is_24_thumbnail_titel_wakengut-300x168.jpg 300w, \/wp-content\/uploads\/2024\/07\/is_24_thumbnail_titel_wakengut-1024x575.jpg 1024w, \/wp-content\/uploads\/2024\/07\/is_24_thumbnail_titel_wakengut-768x431.jpg 768w, \/wp-content\/uploads\/2024\/07\/is_24_thumbnail_titel_wakengut-1536x862.jpg 1536w, \/wp-content\/uploads\/2024\/07\/is_24_thumbnail_titel_wakengut-2048x1149.jpg 2048w, \/wp-content\/uploads\/2024\/07\/is_24_thumbnail_titel_wakengut-800x450.jpg 800w\" sizes=\"auto, (max-width: 2338px) 100vw, 2338px\" \/><\/a><\/figure>\n\n\n\n<h4 class=\"wp-block-heading has-text-align-center\">Semesterprojekt 2024<\/h4>\n\n\n\n<p class=\"has-text-align-center filmauswahl has-small-font-size\">Simon Wakengut<\/p>\n\n\n\n<p class=\"has-text-align-center filmauswahl has-small-font-size\">\u00bbDie Welt liegt mir zu F\u00fc\u00dfen! \u2013 \u00dcber den Aufbruch in das Erwachsenenleben und Tipps dazu.\u00ab<\/p>\n\n\n\n<div style=\"height:29px\" aria-hidden=\"true\" class=\"wp-block-spacer\"><\/div>\n\n\n\n<div class=\"wp-block-buttons is-horizontal is-content-justification-center is-layout-flex wp-container-core-buttons-is-layout-499968f5 wp-block-buttons-is-layout-flex\"><\/div>\n<\/div>\n<\/div>\n\n\n\n<div style=\"height:36px\" aria-hidden=\"true\" class=\"wp-block-spacer\"><\/div>\n\n\n\n<div class=\"wp-block-columns is-layout-flex wp-container-core-columns-is-layout-9d6595d7 wp-block-columns-is-layout-flex\">\n<div class=\"wp-block-column is-layout-flow wp-block-column-is-layout-flow\">\n<figure class=\"wp-block-image size-large\"><a href=\"https:\/\/h5pvideo.azurewebsites.net\/index.php\/kassandra-wendlinger\/\"><img loading=\"lazy\" decoding=\"async\" width=\"1024\" height=\"575\" src=\"\/wp-content\/uploads\/2024\/07\/is_24_thumbnail_titel_wendlinger-1024x575.jpg\" alt=\"\" class=\"wp-image-2476\" srcset=\"\/wp-content\/uploads\/2024\/07\/is_24_thumbnail_titel_wendlinger-1024x575.jpg 1024w, \/wp-content\/uploads\/2024\/07\/is_24_thumbnail_titel_wendlinger-300x168.jpg 300w, \/wp-content\/uploads\/2024\/07\/is_24_thumbnail_titel_wendlinger-768x431.jpg 768w, \/wp-content\/uploads\/2024\/07\/is_24_thumbnail_titel_wendlinger-1536x862.jpg 1536w, \/wp-content\/uploads\/2024\/07\/is_24_thumbnail_titel_wendlinger-2048x1149.jpg 2048w, \/wp-content\/uploads\/2024\/07\/is_24_thumbnail_titel_wendlinger-800x450.jpg 800w\" sizes=\"auto, (max-width: 1024px) 100vw, 1024px\" \/><\/a><\/figure>\n\n\n\n<h4 class=\"wp-block-heading has-text-align-center\">Semesterprojekt 2024<\/h4>\n\n\n\n<p class=\"has-text-align-center filmauswahl has-small-font-size\">Kassandra Wendlinger<\/p>\n\n\n\n<p class=\"has-text-align-center filmauswahl has-small-font-size\">\u00bbDie Welt liegt mir zu F\u00fc\u00dfen! \u2013 \u00dcber den Aufbruch in das Erwachsenenleben und Tipps dazu.\u00ab<\/p>\n\n\n\n<div style=\"height:29px\" aria-hidden=\"true\" class=\"wp-block-spacer\"><\/div>\n\n\n\n<div class=\"wp-block-buttons is-horizontal is-content-justification-center is-layout-flex wp-container-core-buttons-is-layout-499968f5 wp-block-buttons-is-layout-flex\"><\/div>\n<\/div>\n\n\n\n<div class=\"wp-block-column is-layout-flow wp-block-column-is-layout-flow\">\n<figure class=\"wp-block-image size-large\"><a href=\"https:\/\/h5pvideo.azurewebsites.net\/index.php\/hanna-forderer\/\"><img loading=\"lazy\" decoding=\"async\" width=\"1024\" height=\"575\" src=\"\/wp-content\/uploads\/2024\/07\/is_24_thumbnail_titel_foerderer-1024x575.jpg\" alt=\"\" class=\"wp-image-2463\" srcset=\"\/wp-content\/uploads\/2024\/07\/is_24_thumbnail_titel_foerderer-1024x575.jpg 1024w, \/wp-content\/uploads\/2024\/07\/is_24_thumbnail_titel_foerderer-300x168.jpg 300w, \/wp-content\/uploads\/2024\/07\/is_24_thumbnail_titel_foerderer-768x431.jpg 768w, \/wp-content\/uploads\/2024\/07\/is_24_thumbnail_titel_foerderer-1536x862.jpg 1536w, \/wp-content\/uploads\/2024\/07\/is_24_thumbnail_titel_foerderer-2048x1149.jpg 2048w, \/wp-content\/uploads\/2024\/07\/is_24_thumbnail_titel_foerderer-800x450.jpg 800w\" sizes=\"auto, (max-width: 1024px) 100vw, 1024px\" \/><\/a><\/figure>\n\n\n\n<h4 class=\"wp-block-heading has-text-align-center\">Semesterprojekt 2024<\/h4>\n\n\n\n<p class=\"has-text-align-center filmauswahl has-small-font-size\">Hanna F\u00f6rderer<\/p>\n\n\n\n<p class=\"has-text-align-center filmauswahl has-small-font-size\">\u00bbDie Welt liegt mir zu F\u00fc\u00dfen! \u2013 \u00dcber den Aufbruch in das Erwachsenenleben und Tipps dazu.\u00ab<\/p>\n\n\n\n<div style=\"height:29px\" aria-hidden=\"true\" class=\"wp-block-spacer\"><\/div>\n\n\n\n<div class=\"wp-block-buttons is-horizontal is-content-justification-center is-layout-flex wp-container-core-buttons-is-layout-499968f5 wp-block-buttons-is-layout-flex\"><\/div>\n<\/div>\n<\/div>\n\n\n\n<div class=\"wp-block-columns is-layout-flex wp-container-core-columns-is-layout-9d6595d7 wp-block-columns-is-layout-flex\">\n<div class=\"wp-block-column is-layout-flow wp-block-column-is-layout-flow\">\n<figure class=\"wp-block-image size-large\"><a href=\"https:\/\/h5pvideo.azurewebsites.net\/index.php\/natalie-schiechtele\/\"><img loading=\"lazy\" decoding=\"async\" width=\"1024\" height=\"575\" src=\"\/wp-content\/uploads\/2024\/07\/is_24_thumbnail_titel_schiechtele-1024x575.jpg\" alt=\"\" class=\"wp-image-2470\" srcset=\"\/wp-content\/uploads\/2024\/07\/is_24_thumbnail_titel_schiechtele-1024x575.jpg 1024w, \/wp-content\/uploads\/2024\/07\/is_24_thumbnail_titel_schiechtele-300x168.jpg 300w, \/wp-content\/uploads\/2024\/07\/is_24_thumbnail_titel_schiechtele-768x431.jpg 768w, \/wp-content\/uploads\/2024\/07\/is_24_thumbnail_titel_schiechtele-1536x862.jpg 1536w, \/wp-content\/uploads\/2024\/07\/is_24_thumbnail_titel_schiechtele-2048x1149.jpg 2048w, \/wp-content\/uploads\/2024\/07\/is_24_thumbnail_titel_schiechtele-800x450.jpg 800w\" sizes=\"auto, (max-width: 1024px) 100vw, 1024px\" \/><\/a><\/figure>\n\n\n\n<h4 class=\"wp-block-heading has-text-align-center\">Semesterprojekt 2024<\/h4>\n\n\n\n<p class=\"has-text-align-center filmauswahl has-small-font-size\">Natalie Schiechtele<\/p>\n\n\n\n<p class=\"has-text-align-center filmauswahl has-small-font-size\">\u00bbDie Welt liegt mir zu F\u00fc\u00dfen! \u2013 \u00dcber den Aufbruch in das Erwachsenenleben und Tipps dazu.\u00ab<\/p>\n\n\n\n<div style=\"height:29px\" aria-hidden=\"true\" class=\"wp-block-spacer\"><\/div>\n\n\n\n<div class=\"wp-block-buttons is-horizontal is-content-justification-center is-layout-flex wp-container-core-buttons-is-layout-499968f5 wp-block-buttons-is-layout-flex\"><\/div>\n<\/div>\n\n\n\n<div class=\"wp-block-column is-layout-flow wp-block-column-is-layout-flow\">\n<figure class=\"wp-block-image size-large\"><a href=\"https:\/\/h5pvideo.azurewebsites.net\/index.php\/louis-hagmann\/\" target=\"_blank\" rel=\"noreferrer noopener\"><img loading=\"lazy\" decoding=\"async\" width=\"1024\" height=\"575\" src=\"\/wp-content\/uploads\/2024\/07\/is_24_thumbnail_titel_hagmann-1024x575.jpg\" alt=\"\" class=\"wp-image-2465\" srcset=\"\/wp-content\/uploads\/2024\/07\/is_24_thumbnail_titel_hagmann-1024x575.jpg 1024w, \/wp-content\/uploads\/2024\/07\/is_24_thumbnail_titel_hagmann-300x168.jpg 300w, \/wp-content\/uploads\/2024\/07\/is_24_thumbnail_titel_hagmann-768x431.jpg 768w, \/wp-content\/uploads\/2024\/07\/is_24_thumbnail_titel_hagmann-1536x862.jpg 1536w, \/wp-content\/uploads\/2024\/07\/is_24_thumbnail_titel_hagmann-2048x1149.jpg 2048w, \/wp-content\/uploads\/2024\/07\/is_24_thumbnail_titel_hagmann-800x450.jpg 800w\" sizes=\"auto, (max-width: 1024px) 100vw, 1024px\" \/><\/a><\/figure>\n\n\n\n<h4 class=\"wp-block-heading has-text-align-center\">Semesterprojekt 2024<\/h4>\n\n\n\n<p class=\"has-text-align-center filmauswahl has-small-font-size\">Louis Hagmann<\/p>\n\n\n\n<p class=\"has-text-align-center filmauswahl has-small-font-size\">\u00bbDie Welt liegt mir zu F\u00fc\u00dfen! \u2013 \u00dcber den Aufbruch in das Erwachsenenleben und Tipps dazu.\u00ab<\/p>\n\n\n\n<div style=\"height:29px\" aria-hidden=\"true\" class=\"wp-block-spacer\"><\/div>\n\n\n\n<div class=\"wp-block-buttons is-horizontal is-content-justification-center is-layout-flex wp-container-core-buttons-is-layout-499968f5 wp-block-buttons-is-layout-flex\"><\/div>\n<\/div>\n<\/div>\n\n\n\n<div class=\"wp-block-columns is-layout-flex wp-container-core-columns-is-layout-9d6595d7 wp-block-columns-is-layout-flex\">\n<div class=\"wp-block-column is-layout-flow wp-block-column-is-layout-flow\">\n<h4 class=\"wp-block-heading has-text-align-center\"><\/h4>\n\n\n\n<p class=\"has-text-align-center filmauswahl has-small-font-size\"><\/p>\n\n\n\n<p class=\"has-text-align-center filmauswahl has-small-font-size\"><\/p>\n\n\n\n<div style=\"height:29px\" aria-hidden=\"true\" class=\"wp-block-spacer\"><\/div>\n\n\n\n<div class=\"wp-block-buttons is-horizontal is-content-justification-center is-layout-flex wp-container-core-buttons-is-layout-499968f5 wp-block-buttons-is-layout-flex\"><\/div>\n<\/div>\n<\/div>\n\n\n\n<div style=\"height:30px\" aria-hidden=\"true\" class=\"wp-block-spacer\"><\/div>\n\n\n\n<h3 class=\"wp-block-heading\">Was ist \u00bbInteractive Storytelling\u00ab?<\/h3>\n\n\n\n<p>\u00bbInteractive Storytelling\u00ab ist eines von vielen innovativen Fachgebieten im interdisziplin\u00e4ren <a href=\"https:\/\/www.thu.de\/de\/Seiten\/Studiengang_DM.aspx?SearchCategory=Bachelor%3b\" target=\"_blank\" rel=\"noreferrer noopener\">Studiengang Digital Media (DM)<\/a> an der Technischen Hochschule Ulm THU. <\/p>\n\n\n\n<p><a href=\"https:\/\/www.thu.de\/de\/users\/789613\" target=\"_blank\" rel=\"noreferrer noopener\">Prof. Manfred Gaida<\/a> hat das Thema \u00bbInteractive Storytelling\u00ab im Jahr 2001 an die THU gebracht und es in das Curriculum des Studienganges Digital Media integriert. Er ist Initiator und Leiter des Fachgebietes \u00bbInteractive Storytelling\u00ab im Studiengang Digital Media und betreut seit 2001 alle Projektarbeiten, die hier entstehen. Bei der Projektbetreuung ist es ihm ein Anliegen, seine umfangreiche Praxis-Erfahrung und die Begeisterung f\u00fcr das Thema \u00bbInteractive Storytelling\u00ab an seine Student*innen weiterzugeben.<\/p>\n\n\n\n<h4 class=\"wp-block-heading\">Die Zuschauer*innen entscheiden selbst dar\u00fcber, wie sich die filmische Handlung weiterentwickelt<\/h4>\n\n\n\n<p>Bei \u00bbInteractive Storytelling\u00ab geht es darum, mit filmischen Mitteln interaktive Geschichten zu erz\u00e4hlen. Die Zuschauer*innen k\u00f6nnen an bestimmten Stellen des Filmes selbst entscheiden, wie die Handlung im Film weitergeht, indem sie beim Betrachten des Filmes an speziellen Auswahl- und Verzweigungsm\u00f6glichkeiten w\u00e4hlen. Je nachdem, welcher \u00bbWeg\u00ab von den Zuschauer*innen ausgew\u00e4hlt wird, entwickelt sich die filmische Handlung in unterschiedliche Richtungen.<\/p>\n\n\n\n<h4 class=\"wp-block-heading\">Konzeption und Filmproduktion in nur einem Semester<\/h4>\n\n\n\n<p>Die DM-Student*innen konzipieren und realisieren ihren eigenen interaktiven Film in nur einem Semester. Sie starten zwar mit theoretischem Wissen im Bereich der Filmgestaltung in das Projekt (Vorlesung \u00bbBild- und Filmgestaltung\u00ab von Prof. Manfred Gaida im ersten Semester), aber in der Regel ohne gro\u00dfe praktische Vorerfahrung in der filmischen Produktion. Die Ergebnisse, die dann am Ende der Semester-Projektlaufzeit vorliegen, sind durchaus beeindruckend.<\/p>\n\n\n\n<h4 class=\"wp-block-heading\">Strukturierte Vorgehensweise und individuelles Coaching f\u00fchrt zum Erfolg<\/h4>\n\n\n\n<p>Nach einer Ideenfindungsphase am Anfang des Semesters entwickeln die DM-Student*innen in der Pre-Productionphase ein eigenes Drehbuch und Storyboard, das die gesamte filmische Handlung des interaktiven Filmes dokumentiert und im Storyboard visualisiert. Anhand dieses Drehbuches und Storyboards kann die filmische Handlung interaktiv durchgespielt und \u00bbgetestet\u00ab werden.<\/p>\n\n\n\n<p>Das Drehbuch und Storyboard ist ein unverzichtbares und wesentliches Hilfsmittel, um die Aufnahmen f\u00fcr die n\u00e4chste Phase zu planen und zu organisieren: Anhand ihrer detaillierten Storyboards und \u00dcbersichtspl\u00e4ne k\u00f6nnen die DM-Student*innen ihre Filmaufnahmen in einer kompakten Produktionsphase von nur wenigen Wochen sehr effizient und strukturiert durchf\u00fchren. Dabei produzieren sie mit viel Engagement ihren Film, editieren ihn anschlie\u00dfend und bereiten ihn schlie\u00dflich f\u00fcr die interaktive Pr\u00e4sentation hier auf dieser Website auf.<\/p>\n\n\n\n<p>Am Ende des Semesters blicken die DM-Student*innen auf ein zwar arbeitsreiches, aber auch sehr erkenntnisreiches Projekt zur\u00fcck und verzeichnen f\u00fcr sich selbst einen sehr gro\u00dfen Lernerfolg, auf den sie stolz sein k\u00f6nnen. Einen wesentlichen Anteil daran hat die fachliche Expertise von Prof. Gaida und sein intensives fachliches Coaching w\u00e4hrend der gesamten Projektlaufzeit.<\/p>\n\n\n\n<div style=\"height:55px\" aria-hidden=\"true\" class=\"wp-block-spacer\"><\/div>\n\n\n\n<p><\/p>\n\n\n\n<p><\/p>\n\n\n\n<p><\/p>\n\n\n\n<div style=\"height:50px\" aria-hidden=\"true\" class=\"wp-block-spacer\"><\/div>\n\n\n\n<div style=\"height:100px\" aria-hidden=\"true\" class=\"wp-block-spacer\"><\/div>\n\n\n\n<div style=\"height:100px\" aria-hidden=\"true\" class=\"wp-block-spacer\"><\/div>\n\n\n\n<div style=\"height:35px\" aria-hidden=\"true\" class=\"wp-block-spacer\"><\/div>\n\n\n\n<div class=\"wp-block-query is-layout-flow wp-block-query-is-layout-flow\"><\/div>\n\n\n\n<p><\/p>\n","protected":false},"excerpt":{"rendered":"<p>Prof. Manfred Gaida |&nbsp;Fachgebiet Interactive Storytelling (INST) Willkommen auf unserer Projekt-Website \u00bbInteractive Storytelling\u00ab! Schon seit mehr als 20 Jahren produzieren wir unter der fachlichen Leitung von Prof. Manfred Gaida im Studiengang Digital Media (DM) interaktive Filme. Bis jetzt sind dabei \u00fcber 200 Film-Projekte entstanden. Auf dieser Seite finden Sie eine Auswahl unserer interaktiven Filme aus [&hellip;]<\/p>\n","protected":false},"author":48,"featured_media":227,"parent":0,"menu_order":0,"comment_status":"closed","ping_status":"closed","template":"","meta":{"footnotes":""},"class_list":["post-42","page","type-page","status-publish","has-post-thumbnail","hentry","entry","has-media"],"_links":{"self":[{"href":"https:\/\/h5pvideo.azurewebsites.net\/index.php\/wp-json\/wp\/v2\/pages\/42","targetHints":{"allow":["GET"]}}],"collection":[{"href":"https:\/\/h5pvideo.azurewebsites.net\/index.php\/wp-json\/wp\/v2\/pages"}],"about":[{"href":"https:\/\/h5pvideo.azurewebsites.net\/index.php\/wp-json\/wp\/v2\/types\/page"}],"author":[{"embeddable":true,"href":"https:\/\/h5pvideo.azurewebsites.net\/index.php\/wp-json\/wp\/v2\/users\/48"}],"replies":[{"embeddable":true,"href":"https:\/\/h5pvideo.azurewebsites.net\/index.php\/wp-json\/wp\/v2\/comments?post=42"}],"version-history":[{"count":2,"href":"https:\/\/h5pvideo.azurewebsites.net\/index.php\/wp-json\/wp\/v2\/pages\/42\/revisions"}],"predecessor-version":[{"id":2665,"href":"https:\/\/h5pvideo.azurewebsites.net\/index.php\/wp-json\/wp\/v2\/pages\/42\/revisions\/2665"}],"wp:featuredmedia":[{"embeddable":true,"href":"https:\/\/h5pvideo.azurewebsites.net\/index.php\/wp-json\/wp\/v2\/media\/227"}],"wp:attachment":[{"href":"https:\/\/h5pvideo.azurewebsites.net\/index.php\/wp-json\/wp\/v2\/media?parent=42"}],"curies":[{"name":"wp","href":"https:\/\/api.w.org\/{rel}","templated":true}]}}